 j*h. Suppose h*v - 56 = -4*v. Calculate the remainder when 26 is divided by v.
12
Let k(x) = -3*x**3 + x**2. What is the remainder when k(-2) is divided by (15/(-6))/(4/(-16))?
8
Let m(i) = 41*i**2 + 2. Let n(r) = r**2 - 1. Let v(t) = m(t) + n(t). What is the remainder when v(-1) is divided by 11?
10
Suppose 31*n - 20*n - 528 = 0. What is the remainder when n is divided by 13?
9
Let g(a) = -4*a - 17. What is the remainder when 73 is divided by g(-9)?
16
Let s = 8 + -4. Calculate the remainder when 17 is divided by s.
1
Let g(l) = 2*l - 10. Let r = 2 - -6. What is the remainder when g(12) is divided by r?
6
Suppose 0 = 4*s + f - 39, 0 = -s - s + 3*f + 9. Let m = s + -5. Suppose 7 = m*y - 85. Calculate the remainder when 44 is divided by y.
21
Let q(u) = u**3 + u**2 + 4. Let b(x) = -x**2 + 1. Let s be b(-1). Let m be q(s). Suppose -j = -m*j + 96. What is the remainder when j is divided by 11?
10
Let b = -55 - -60. Calculate the remainder when b is divided by 2.
1
Let m = -9 - -16. Let n = m - 11. Calculate the remainder when 2 is divided by 2/n*(-1 + -3).
0
Suppose 68 = -0*u + 2*u. What is the remainder when u is divided by -6*2*-1 - 0?
10
Suppose 6*u - 9 = 3*u. Let r be 18 + (-2 - (-6)/3). Let i = -10 + r. What is the remainder when i is divided by u?
2
Let z(f) = 11*f**2 - 3*f - 2. Calculate the remainder when z(-1) is divided by 7.
5
Let x = -9 + 13. Let c = x + 11. What is the remainder when (-1000)/(-36) - 5/((-135)/6) is divided by c?
13
Let y = 0 + 1. Let a = y + -1. Let q = a + 8. Calculate the remainder when q is divided by 3.
2
Calculate the remainder when (-200)/(2/(-1)) - (6 + -5) is divided by 17.
14
Suppose t = 2, 0*k + 3*t + 4 = 2*k. Let w(d) = -d**2 - 9*d - 5. Let p = -10 - -4. What is the remainder when w(p) is divided by k?
3
Let t be 7/(-21) - 602/(-6). Suppose 2*u - 4*u + 4*a + 72 = 0, 3*u - t = -2*a. Let z = 16 + 2. Calculate the remainder when u is divided by z.
16
Suppose -5*m = 3*n + 33, 4*m + 0*m + 3*n + 27 = 0. Suppose 5*c - 13 = 17. What is the remainder when 62 is divided by (-130)/m - 4/c?
20
Suppose -2*r = 4*r - 678. What is the remainder when r is divided by 19?
18
Let m be ((-56)/16)/((-2)/4). Calculate the remainder when m/(-21) + 43/3 is divided by 5.
4
Let t(i) = i**2 + 27*i + 85. Calculate the remainder when t(-26) is divided by 21.
17
Let j(a) = -5 + 3*a - 3 + 2. Calculate the remainder when 17 is divided by j(5).
8
Suppose 0 = -5*n + 4*s + 12, 0*s - 2 = -2*n + 3*s. Calculate the remainder when 27 is divided by n.
3
Suppose x + 324 = 5*t + 85, 2*x = -5*t + 242. Suppose v = -3*o + 8, -3*v + o + 48 = 2*o. Calculate the remainder when t is divided by v.
14
Let d = -10 + 4. Let o = d + 8. Suppose -44 = -2*p + 2*b, 5 - o = b. Calculate the remainder when p is divided by 7.
4
Suppose 4 = 5*b - 51. Calculate the remainder when 26 is divided by b.
4
Let q(r) = 9*r - 16. Let v = 37 + 5. What is the remainder when v is divided by q(3)?
9
Let v(r) = -r + 5. Let m be -1*8 - 2*-1. What is the remainder when v(m) is divided by 8/(-16)*(-8)/1?
3
Let t = -25 + 41. Suppose 87 = 3*x - 3*j, -x - j = 1 - 20. Calculate the remainder when x is divided by ((-26)/8)/((-4)/t).
11
Let c(s) be the third derivative of -1/12*s**4 - 3*s**2 + 2/3*s**3 + 0*s + 0. What is the remainder when 26 is divided by c(-5)?
12
Let u = 143 + -93. What is the remainder when u is divided by 13?
11
Let t be (-3)/8 + 3/8. Suppose -s - 4*s + 4*k + 52 = t, 5*s - 56 = 2*k. Calculate the remainder when 47 is divided by s.
11
Let d be (-6)/10*(0 - 5). Suppose 0 = d*s - 0*s - 153. Calculate the remainder when s is divided by 13.
12
Suppose -2*q = -4 - 6. Calculate the remainder when 12 is divided by q.
2
Let x(r) = r**2 + 8*r - 13. Let l be (-9)/(-2 - 6/(-2)). Let c be x(l). Calculate the remainder when 28 is divided by (2 + 0)/(c/(-30)).
13
Suppose -48 - 2 = -5*t. What is the remainder when t is divided by 4?
2
Let l = 12 - -3. What is the remainder when 58 is divided by l?
13
Let p(n) = -15*n**3 - n**2 + 2*n + 2. Calculate the remainder when 27 is divided by p(-1).
13
Let q(v) = 2*v**2 - 4*v - 1. What is the remainder when q(3) is divided by 2?
1
Suppose -2 = 2*c - 88. Calculate the remainder when c is divided by 23.
20
Suppose -2*v + 0*v + 151 = 5*m, -2*m - v + 60 = 0. Let c(l) = 3*l**2 - 2*l + 3. Calculate the remainder when m is divided by c(2).
9
Let g(v) = v**2 - 2*v - 4. Let s be g(4). Suppose -8 = -s*f - 0, -4*h - 2*f = -488. What is the remainder when h is divided by 31?
28
Let b = 3 - -15. Let k(z) = -z**3 - 6*z**2 + 8*z + 7. Let n be k(-7). Suppose n = g - 3*g + 6, -g - 156 = -3*s. What is the remainder when s is divided by b?
17
Let y = 122 + -54. Let j(b) = 7*b + 2. What is the remainder when y is divided by j(3)?
22
Let h(k) = 2*k**2 + 11*k. Calculate the remainder when h(-9) is divided by 8.
7
Suppose 3*b - 3*f = -f + 105, 5*b + 2*f - 191 = 0. Calculate the remainder when b is divided by 19.
18
Suppose -3*w + 49 = -11. Calculate the remainder when 23 is divided by (45/w)/(6/32).
11
Let j = -13 + 21. Let f = j + 1. Let a(s) = 3*s**2 - 6*s + 1. What is the remainder when a(4) is divided by f?
7
Suppose -4*u - u = -205. What is the remainder when u is divided by 14?
13
Suppose -3*o + 4*h + 55 = 0, -2*o + 14 = -2*h - 24. Let w(g) = -g**2 + 16*g - 1. Let a be w(16). What is the remainder when a/2*(3 - 85) is divided by o?
20
Let r = -19 - -21. Suppose 36 = r*i - k, -2*i - k = -i - 21. Calculate the remainder when 56 is divided by i.
18
Let m = -41 - -86. What is the remainder when m is divided by 12?
9
Let x = -12 + 14. Calculate the remainder when 24 is divided by -2 - (x + -17 - -4).
6
Let y = -3 - -7. Suppose -3*d - y*a + 20 = -2*a, 4*d - 20 = 4*a. What is the remainder when 22 is divided by d?
4
Let w = 24 - 12. Let c = 23 - 16. What is the remainder when w is divided by c?
5
Let h = -23 + 61. Calculate the remainder when h is divided by 8.
6
Let b = 149 - -9. What is the remainder when b is divided by 40?
38
Let d be 3 + (-1)/(1 - 0). Suppose d*g + 6 = 28. What is the remainder when 20 is divided by g?
9
Suppose -5*p + 12 = 2*t - 0*t, -4*t - 4 = -4*p. Suppose 2*r - p - 32 = 0. Calculate the remainder when r is divided by 5.
2
Suppose -5*b + 35 = 2*a, -3*b + 5*a + 42 = 2*a. Let u(g) = -2*g + 17. What is the remainder when b is divided by u(6)?
4
Let y(o) = o**2 - 6*o - 1. Suppose 5*z + 48 = z. Let b = z + 21. Calculate the remainder when y(9) is divided by b.
8
What is the remainder when 22 is divided by 3/6*(1 + 23)?
10
Let h(i) = i**2 + 11*i + 12. Let r be h(-8). Let b = 28 - 13. What is the remainder when (-173)/(-4) - (-3)/r is divided by b?
13
Let i be (-6)/4*(-4)/(-6). Let t = i - -1. Suppose t*k - 5*h = -k + 17, -2*k - 2*h + 46 = 0. Calculate the remainder when k is divided by 8.
6
Suppose -5 = -14*c + 9*c. Suppose 0 = -3*x - t + 15 - 2, -3*x = -4*t + 7. What is the remainder when x is divided by c?
0
Suppose 3*h - 85 + 13 = 0. Let k be -8 + -2*1 - 0. Calculate the remainder when h is divided by (0 - 2)/(k/65).
11
Let z(t) = t**3 + 6*t**2 - 7*t + 7. Let o = 13 - -7. What is the remainder when o is divided by z(-7)?
6
Suppose 0 = -4*t + 3*m + 20, 3*t - 2*t = 3*m + 5. Calculate the remainder when 42 + t/(5/(-2)) is divided by (-65)/(-3) + (-2)/3.
19
Let k(p) = p. Let u be k(8). Calculate the remainder when 20 is divided by 0 + u*-1*-1.
4
Let g(m) be the first derivative of m**4/4 + 7*m**3/3 + 1. Let x be g(-4). Suppose -5*b + x = -7. Calculate the remainder when b is divided by 6.
5
Suppose -4*p = -f + 3, -5*f + 13 = -5*p - 2. Let k(l) = -l**2 - l + 2*l**2 + 0*l + 1 + 9*l**f. Calculate the remainder when k(1) is divided by 6.
4
Suppose -39 = -h + 4*c, 2*h = 3*h + 2*c - 21. Calculate the remainder when 106 is divided by h.
25
Let a(z) = z + 1. Let r be a(-4). Let q be (-1)/(2*r/102). Suppose j - 5*y = q, 3*j - 2*y = 13 - 1. What is the remainder when j is divided by 2?
0
Let s(j) = j**2 - 3*j - 3. Let n be s(-2). Let w = n + -3. Suppose 8 + w = v. Calculate the remainder when 22 is divided by v.
10
Suppose 0 = -5*t - 3 - 2. Let v = t + 5. Suppose 2 = s - 4. What is the remainder when s is divided by v?
2
Suppose -4*q + 2*j + 250 = 0, -4*q + 336 = 5*j + 107. Calculate the remainder when q is divided by 21.
19
Suppose q + 3 - 15 = 0. Let i